c(q) = -q**2 - 7*q + 20. Suppose 27*i - 23*i = -4*s - 60, 20 = -4*i + 4*s. Calculate c(i).
-10
Let f(k) = 43*k + 5. Let l(v) = -5*v**2 + 177*v + 110. Let m be l(36). What is f(m)?
91
Let g(o) = 2*o + 11. Suppose 3*v = -2*v. Suppose 28 = s - 3*a + 15, 3*s + 5*a - 53 = 0. Suppose v = 4*b + s + 16. Give g(b).
-5
Let f(n) = 7*n**2 + 6*n - 8. Let b(l) = -2*l**2 + 50*l - 304. Let i be b(11). Determine f(i).
128
Let k(y) = -30*y + 14. Let a(s) = -11*s + 5. Let m(c) = -17*c - 64. Let v be m(-4). Let f(q) = v*k(q) - 11*a(q). What is f(-7)?
-6
Let i(s) = -5*s**2 - s + 41. Let c(b) = 6*b**2 + 2*b - 40. Let p(h) = 4*c(h) + 5*i(h). Let f be p(9). Let t(v) = -v**3 - 8*v**2 + 10*v + 4. Calculate t(f).
-5
Let z(u) = u**2 - u + 10. Suppose 5*v + 8*t = 7*t + 345, 0 = -2*t + 10. Let x = -64 + v. Suppose 2*q - 2*o = -10, -q + o = x*q + 5. What is z(q)?
10
Let v(m) = -4*m**2 + 8*m - 2. Let u be (-2)/6 + (-10)/(-3). Let s(l) = -20 + 10*l**2 + 13 - 21*l**2 + 24*l. Let p(b) = u*s(b) - 8*v(b). Determine p(8).
-5
Let p(w) = 13*w**3 - 3*w**2 - 14*w - 32. Let t(j) = 11*j**3 - 2*j**2 - 13*j - 29. Let x(g) = 5*p(g) - 6*t(g). Give x(-6).
74
Let x(f) = -5*f + 2. Let p(k) = -29*k + 24. Let h(j) = -p(j) + 6*x(j). Calculate h(-15).
3
Let h(q) = 15*q**2 - 234 + 1987*q - 1989*q + 468 - 236. Determine h(1).
11
Let w(o) = -11*o - 14996*o**2 - 12 + 7*o - 7*o + 14995*o**2. Suppose 5 - 13 = -z. Suppose z + 9 = -3*b - 5*n, 3*b - 5*n + 37 = 0. Give w(b).
6
Let i = -264 + 264. Let g(p) be the second derivative of p**4/12 + p**3/6 - 7*p**2/2 + 29*p. Calculate g(i).
-7
Let f(o) be the second derivative of -o**5/60 - 5*o**4/24 + o**3/3 + 82*o**2 + 53*o. Let l(y) be the first derivative of f(y). What is l(-2)?
8
Let m(p) = -13*p - 7*p + 33*p + 6 - 12*p. Let q(b) be the third derivative of -b**5/10 - b**4/6 + 5*b**3/6 + 5*b**2 - 1. Let s be q(1). Determine m(s).
1
Let a(f) be the second derivative of -f**3/6 - 4*f**2 - 386*f. Let h be 2/11 + 707/(-77). Determine a(h).
1
Let m(t) = t**2 - 17*t + 19. Let u be (299/69)/(2/150). Let h = 341 - u. Determine m(h).
3
Let z = 100 - 96. Suppose -z*d + 144 = 2*d. Suppose 2*j = -0*j + 4*m + d, -3*m = -3*j + 24. Let c(h) = -h**3 + 4*h**2 + 2*h + 3. What is c(j)?
11
Let q(m) = m**3 + 3*m**2 + m - 3. Let i(o) = 110*o - 3192. Let g be i(29). Calculate q(g).
-1
Let p(u) be the second derivative of -1/24*u**4 - 37*u + 0*u**2 + 1/60*u**5 + 0 - 3*u**3. Let y(k) be the second derivative of p(k). Calculate y(3).
5
Let k(q) = 79*q - 13. Let w be k(-4). Let r = -325 - w. Let j(b) be the third derivative of b**5/60 - 5*b**4/24 + b**3/3 - 4*b**2. Calculate j(r).
-2
Let t(m) = 2*m. Suppose 1955 = 19*i + 6686. Let n = i + 245. Give t(n).
-8
Let w(u) = -5*u**3 + u**2 - 1. Let o = 16 + -15. Let l(t) = 2*t**2 - 2*t + 1. Let x be l(o). Suppose -4*a + 5*a + 2*b = -x, -4*a - 4 = 4*b. Give w(a).
5
Let g(m) = -m**3 - 4*m**2 + 12*m + 8. Let z be g(-5). Let k = z - -34. Let s(w) = w - 8. Give s(k).
-1
Let f(t) = -4*t**3 + 5*t**2 - 5*t - 4. Let j(d) = d**3 + d**2 + d - 1. Let y(s) = -f(s) - 3*j(s). Let h = 29839 - 29831. What is y(h)?
23
Let a = -31 - -29. Let z be 24 + 2/2*(a + -1). Let t be 150/24 + (z/12 - 2). Let v(n) = n**3 - 6*n**2 - 2*n + 6. Give v(t).
-6
Suppose -190 = 3*t - 22*t. Suppose -3*a - 10 = 8*p - t*p, -3*p + 15 = -5*a. Let h(z) = z**2 - 3*z - 6. What is h(p)?
4
Let j(z) = -6*z**2 - 6*z + 17. Let c = -65 + 70. Let b(r) = 5*r**2 + 6*r - 15. Let s(n) = c*b(n) + 4*j(n). What is s(-7)?
0
Let m(a) = 5*a - 27. Let w(q) = -3*q + 22. Let j(p) = 3*m(p) + 4*w(p). Give j(2).
13
Let x(t) = -t**3 + 16*t**2 + 8*t + 68. Let z(k) = 2*k**3 - 30*k**2 - 14*k - 126. Let g(s) = 11*x(s) + 6*z(s). Give g(4).
8
Suppose -2*i - 2 = 0, -3*v = -6*v + 3*i + 177. Let z = v + -51. Let f(n) = -n**3 + 7*n**2 - 2*n + 8. Determine f(z).
-6
Let f(s) = -26 - 4*s + 5*s - 25 + 42. Suppose -2*w = 3*n + 12, -5*n = w + 22 - 2. Determine f(w).
-9
Let n(w) = -w**3 + 7*w**2 - 2. Suppose 3*i - i = 3*c + 20, -4*i + 5*c = -40. Let s = i - 3. Determine n(s).
-2
Let j(l) be the first derivative of -3/2*l**2 - 46 + 17*l. What is j(7)?
-4
Let f(w) = 16*w - 10. Suppose 53 = -5*z - 2*j + 84, 5*j + 5 = 4*z. Determine f(z).
70
Suppose 4*x = -13 + 49. Let m(z) = -3 + 0*z + z + x + 6*z + z**2. Let k = -9557 + 9553. What is m(k)?
-6
Let w = -11 - -36. Let a(v) = -w - v - 32 - 27 + 80. Determine a(3).
-7
Let v be (468/(-260))/((-1)/30). Suppose v = -6*r - 12*r. Let t(d) = -2*d**2 - 3*d + 1. Give t(r).
-8
Let s(d) = d**3 + 24*d**2 - 27*d - 92. Let h be s(-25). Let w be (h/(-63))/(-2*1/(-12)). Let m(p) = -2*p**2 + 8*p - 6. Give m(w).
-6
Let g(m) = m**3 - 7*m**2 - 6*m + 44. Let b be g(7). Let c(u) = 47*u - 1. What is c(b)?
93
Let y be (3/21 - 1)/(14/(-98)). Suppose 3*b + 3*n + 21 = 0, -y*b + b - 2*n - 26 = 0. Let x(r) = 2*r - 1. Calculate x(b).
-9
Let y(j) be the second derivative of j**6/180 + 11*j**5/60 + 9*j**4/2 + 219*j. Let t(s) be the third derivative of y(s). Determine t(-7).
-6
Let q(j) = -1198 - 2*j + 397 + 407 + 403. Let t = 6 + -3. What is q(t)?
3
Let u(d) = -d**3 - 3*d**2 + 4*d - 3. Let b(t) be the third derivative of t**4/8 - 2*t**3/3 - 41*t**2. Let i be b(0). Calculate u(i).
-3
Suppose -85*i - 224 = 176*i - 1790. Let f(s) = 2*s + 5. Calculate f(i).
17
Let u(r) = r**2 - 9*r + 9. Let l be -2*(-2)/3*(0 - -3). Suppose 3*k - 5*d - 20 = 0, 0*d = l*k + d - 19. Determine u(k).
-11
Suppose 2 + 4 = g. Suppose n = 22 - 25. Let f(a) = -2*a**2 - 6*a - 3. Let s(i) = 5*i**2 + 12*i + 5. Let x(p) = n*s(p) - 7*f(p). Determine x(g).
6
Let c(l) = 7*l**2 + 36*l - 35. Let k(n) = -n**3 - 14*n**2 - 17*n - 51. Let d be k(-13). Determine c(d).
8
Suppose 0 = -2*f - 10, -5*i - 5*f + 54 = 59. Let s(d) = 19*d - 8. Calculate s(i).
68
Let b(j) be the second derivative of -j**5/20 - 5*j**4/12 - j**3 - 5*j**2/2 - 7*j - 1. Let h = -6 + 6. Suppose h = -r - 2 - 2. What is b(r)?
3
Let g(j) = -5*j**3 - 3*j**2 + 40*j + 24. Let b(m) = 2*m**3 - 13*m - 8. Let r(t) = 8*b(t) + 3*g(t). Give r(7).
22
Let n(f) = -25606 + 5*f - f**2 - 35*f**3 + 7*f**3 + 25609 - 4*f + 2*f. What is n(-1)?
27
Let n be ((-2)/(-6) - 24/18) + -98. Let i = n + 101. Let c(b) = -b. Calculate c(i).
-2
Let d(m) = -m**2 + 56*m - 253. Let h = -39899 + 39950. Calculate d(h).
2
Let h(d) be the second derivative of -1/6*d**4 - 133*d - 1/2*d**2 + 0 - 1/2*d**3. Calculate h(-4).
-21
Let x(s) = -17*s**3 + 13*s**2 + s - 45. Let y(d) = -13*d**3 + 11*d**2 + d - 42. Let b(l) = 3*x(l) - 4*y(l). Determine b(5).
28
Let p(i) be the third derivative of 1/10*i**5 + 1/120*i**6 + 0 + 3*i + 1/8*i**4 - 5/6*i**3 + 17*i**2. Give p(-5).
5
Let t(h) = 11*h - 25 - 3 + 16 - 6*h**2 - 4*h**2 + 0 + h**3. Calculate t(10).
98
Let u(r) = 4*r**3 - r**2 - r + 1. Let v(d) be the first derivative of -9*d**2/2 + d + 9. Let s = -138 - -138. Let q be v(s). What is u(q)?
3
Let v(a) = a - 1. Let g be ((-3)/(-2))/(-6*1/(-96)). Suppose 0 = g*t - 27*t + 6. Give v(t).
1
Suppose 2*r + 2*i - 4 = -0*i, -5*r = 4*i - 14. Suppose -6*w - r = -8*w. Suppose 0 = 5*d - w*u + 4, -4*u - 8 = -0*u. Let c(f) = f**3 + f**2 - f - 1. Give c(d).
-3
Suppose 0 = -336*v + 83*v - 1012. Let s(d) = -11*d + 7. What is s(v)?
51
Suppose -m - 13 = -3*n, -1 + 39 = 3*n + 4*m. Suppose 22*w - 20*w = n. Let a(g) = 47*g**3 - 3*g**2 + 3*g - 3*g**2 - 48*g**w + 9 + 0*g**2. What is a(-6)?
-9
Let o(a) = a**2 - 47*a + 158. Let y be o(4). Let x(k) = k**3 + 14*k**2 - 6. What is x(y)?
-6
Let d(w) = 17*w**2 - 9*w + 1. Let f(r) be the second derivative of 18*r - 2/3*r**4 + 2/3*r**3 + 0*r**2 + 0. Let o(v) = 2*d(v) + 5*f(v). What is o(2)?
-18
Let k(i) = -i**2 - 9*i + 19. Let q be k(2). Let a(x) = -x**3 - x**2 - 1. Let b(p) be the second derivative of p**4/4 + p. Let m(r) = a(r) - b(r). What is m(q)?
-10
Let w(x) = 2*x - 129. Let b(o) = 181*o - 9203. Let t be b(51). Determine w(t).
-73
Let b = -23979 - -23979. Let q(w) be the third derivative of 0 + 0*w - 40*w**2 + b*w**4 - 1/30*w**5 + 1/3*w**3. What is q(2)?
-6
Let q be -2 + 104/10*15/6. Let y be ((-12)/q)/(2/(-4)). Let f(g) = 1 - 7*g**2 + 5*g**2 - 23*g**2. Give f(y).
-24
Suppose -315 = -5*i - 4*i. Let z(q) = -59 + i + 31 - q. Let y be (2 + -6)*6/(-4). Give z(y).
1
Let x(c) = -16*c. Let b(r) be the first derivative of 13*r**2/2 + 59. Let a(h) = -7*b(h) - 6*x(h). What is a(4)?
20
Suppose 6*m = 26 + 10. Let u(f) = -19*f - m + 68*f